[INFO] cloning repository https://github.com/cmr/crates_io_licenses_over_time
[INFO] running `Command { std: "git" "-c" "credential.helper=" "-c" "credential.helper=/workspace/cargo-home/bin/git-credential-null" "clone" "--bare" "https://github.com/cmr/crates_io_licenses_over_time" "/workspace/cache/git-repos/https%3A%2F%2Fgithub.com%2Fcmr%2Fcrates_io_licenses_over_time", kill_on_drop: false }`
[INFO] [stderr] Cloning into bare repository '/workspace/cache/git-repos/https%3A%2F%2Fgithub.com%2Fcmr%2Fcrates_io_licenses_over_time'...
[INFO] running `Command { std: "git" "rev-parse" "HEAD", kill_on_drop: false }`
[INFO] [stdout] 34e66b1ba1c543371aaf94698186c7ca23f4a238
[INFO] checking cmr/crates_io_licenses_over_time against try#72f88fc4e9458f89516a0b8b0868f3718aec5b47 for pr-74989
[INFO] running `Command { std: "git" "clone" "/workspace/cache/git-repos/https%3A%2F%2Fgithub.com%2Fcmr%2Fcrates_io_licenses_over_time" "/workspace/builds/worker-5/source", kill_on_drop: false }`
[INFO] [stderr] Cloning into '/workspace/builds/worker-5/source'...
[INFO] [stderr] done.
[INFO] validating manifest of git repo https://github.com/cmr/crates_io_licenses_over_time on toolchain 72f88fc4e9458f89516a0b8b0868f3718aec5b47
[INFO] running `Command { std: "/workspace/cargo-home/bin/cargo" "+72f88fc4e9458f89516a0b8b0868f3718aec5b47" "read-manifest" "--manifest-path" "Cargo.toml", kill_on_drop: false }`
[INFO] started tweaking git repo https://github.com/cmr/crates_io_licenses_over_time
[INFO] removed path dependency crates_io_api from git repo https://github.com/cmr/crates_io_licenses_over_time
[INFO] finished tweaking git repo https://github.com/cmr/crates_io_licenses_over_time
[INFO] tweaked toml for git repo https://github.com/cmr/crates_io_licenses_over_time written to /workspace/builds/worker-5/source/Cargo.toml
[INFO] crate git repo https://github.com/cmr/crates_io_licenses_over_time already has a lockfile, it will not be regenerated
[INFO] running `Command { std: "/workspace/cargo-home/bin/cargo" "+72f88fc4e9458f89516a0b8b0868f3718aec5b47" "fetch" "--locked" "--manifest-path" "Cargo.toml", kill_on_drop: false }`
[INFO] [stderr] warning: dependency (crates_io_api) specified without providing a local path, Git repository, or version to use. This will be considered an error in future versions
[INFO] [stderr]     Updating crates.io index
[INFO] [stderr] error: the lock file /workspace/builds/worker-5/source/Cargo.lock needs to be updated but --locked was passed to prevent this
[INFO] [stderr] If you want to try to generate the lock file without accessing the network, use the --offline flag.
[INFO] the lockfile is outdated, regenerating it
[INFO] running `Command { std: "/workspace/cargo-home/bin/cargo" "+72f88fc4e9458f89516a0b8b0868f3718aec5b47" "generate-lockfile" "--manifest-path" "Cargo.toml" "-Zno-index-update", kill_on_drop: false }`
[INFO] [stderr]     Blocking waiting for file lock on package cache
[INFO] running `Command { std: "/workspace/cargo-home/bin/cargo" "+72f88fc4e9458f89516a0b8b0868f3718aec5b47" "fetch" "--locked" "--manifest-path" "Cargo.toml", kill_on_drop: false }`
[INFO] [stderr] warning: dependency (crates_io_api) specified without providing a local path, Git repository, or version to use. This will be considered an error in future versions
[INFO] [stderr]     Blocking waiting for file lock on package cache
[INFO] [stderr]  Downloading crates ...
[INFO] [stderr]   Downloaded crates_io_api v0.6.1
[INFO] running `Command { std: "docker" "create" "-v" "/var/lib/crater-agent-workspace/builds/worker-5/target:/opt/rustwide/target:rw,Z" "-v" "/var/lib/crater-agent-workspace/builds/worker-5/source:/opt/rustwide/workdir:ro,Z" "-v" "/var/lib/crater-agent-workspace/cargo-home:/opt/rustwide/cargo-home:ro,Z" "-v" "/var/lib/crater-agent-workspace/rustup-home:/opt/rustwide/rustup-home:ro,Z" "-e" "SOURCE_DIR=/opt/rustwide/workdir" "-e" "CARGO_TARGET_DIR=/opt/rustwide/target" "-e" "CARGO_HOME=/opt/rustwide/cargo-home" "-e" "RUSTUP_HOME=/opt/rustwide/rustup-home" "-w" "/opt/rustwide/workdir" "-m" "1610612736" "--user" "0:0" "--network" "none" "rustops/crates-build-env@sha256:d92eaeed33fa75130ca1ee6c8a01d1ffb62bac859dfdfb3450e3e5d1c0146529" "/opt/rustwide/cargo-home/bin/cargo" "+72f88fc4e9458f89516a0b8b0868f3718aec5b47" "metadata" "--no-deps" "--format-version=1", kill_on_drop: false }`
[INFO] [stdout] 65cb980dabc087373af796f04e5f1a21fd6e3fb2cc6cc40871c134bbbfe97fec
[INFO] [stderr] WARNING: Your kernel does not support swap limit capabilities or the cgroup is not mounted. Memory limited without swap.
[INFO] running `Command { std: "docker" "start" "-a" "65cb980dabc087373af796f04e5f1a21fd6e3fb2cc6cc40871c134bbbfe97fec", kill_on_drop: false }`
[INFO] running `Command { std: "docker" "inspect" "65cb980dabc087373af796f04e5f1a21fd6e3fb2cc6cc40871c134bbbfe97fec", kill_on_drop: false }`
[INFO] running `Command { std: "docker" "rm" "-f" "65cb980dabc087373af796f04e5f1a21fd6e3fb2cc6cc40871c134bbbfe97fec", kill_on_drop: false }`
[INFO] [stdout] 65cb980dabc087373af796f04e5f1a21fd6e3fb2cc6cc40871c134bbbfe97fec
[INFO] running `Command { std: "docker" "create" "-v" "/var/lib/crater-agent-workspace/builds/worker-5/target:/opt/rustwide/target:rw,Z" "-v" "/var/lib/crater-agent-workspace/builds/worker-5/source:/opt/rustwide/workdir:ro,Z" "-v" "/var/lib/crater-agent-workspace/cargo-home:/opt/rustwide/cargo-home:ro,Z" "-v" "/var/lib/crater-agent-workspace/rustup-home:/opt/rustwide/rustup-home:ro,Z" "-e" "SOURCE_DIR=/opt/rustwide/workdir" "-e" "CARGO_TARGET_DIR=/opt/rustwide/target" "-e" "CARGO_INCREMENTAL=0" "-e" "RUST_BACKTRACE=full" "-e" "RUSTFLAGS=--cap-lints=forbid" "-e" "CARGO_HOME=/opt/rustwide/cargo-home" "-e" "RUSTUP_HOME=/opt/rustwide/rustup-home" "-w" "/opt/rustwide/workdir" "-m" "1610612736" "--user" "0:0" "--network" "none" "rustops/crates-build-env@sha256:d92eaeed33fa75130ca1ee6c8a01d1ffb62bac859dfdfb3450e3e5d1c0146529" "/opt/rustwide/cargo-home/bin/cargo" "+72f88fc4e9458f89516a0b8b0868f3718aec5b47" "check" "--frozen" "--all" "--all-targets" "--message-format=json", kill_on_drop: false }`
[INFO] [stdout] c8433ce88e0e5d269a1480482c2712c62f341254a93cf557ee37f7a7dd62655c
[INFO] [stderr] WARNING: Your kernel does not support swap limit capabilities or the cgroup is not mounted. Memory limited without swap.
[INFO] running `Command { std: "docker" "start" "-a" "c8433ce88e0e5d269a1480482c2712c62f341254a93cf557ee37f7a7dd62655c", kill_on_drop: false }`
[INFO] [stderr] warning: dependency (crates_io_api) specified without providing a local path, Git repository, or version to use. This will be considered an error in future versions
[INFO] [stderr]    Compiling autocfg v1.0.1
[INFO] [stderr]    Compiling libc v0.2.77
[INFO] [stderr]     Checking cfg-if v0.1.10
[INFO] [stderr]    Compiling proc-macro2 v1.0.21
[INFO] [stderr]    Compiling unicode-xid v0.2.1
[INFO] [stderr]    Compiling syn v1.0.40
[INFO] [stderr]    Compiling memchr v2.3.3
[INFO] [stderr]     Checking lazy_static v1.4.0
[INFO] [stderr]    Compiling log v0.4.11
[INFO] [stderr]     Checking slab v0.4.2
[INFO] [stderr]     Checking futures-core v0.3.5
[INFO] [stderr]    Compiling pin-project-internal v0.4.23
[INFO] [stderr]    Compiling cc v1.0.59
[INFO] [stderr]    Compiling pkg-config v0.3.18
[INFO] [stderr]     Checking bytes v0.5.6
[INFO] [stderr]     Checking fnv v1.0.7
[INFO] [stderr]    Compiling proc-macro-nested v0.1.6
[INFO] [stderr]     Checking futures-sink v0.3.5
[INFO] [stderr]     Checking itoa v0.4.6
[INFO] [stderr]    Compiling version_check v0.9.2
[INFO] [stderr]     Checking once_cell v1.4.1
[INFO] [stderr]    Compiling proc-macro-hack v0.5.18
[INFO] [stderr]     Checking pin-utils v0.1.0
[INFO] [stderr]     Checking futures-io v0.3.5
[INFO] [stderr]     Checking pin-project-lite v0.1.7
[INFO] [stderr]    Compiling serde v1.0.116
[INFO] [stderr]     Checking tinyvec v0.3.4
[INFO] [stderr]     Checking matches v0.1.8
[INFO] [stderr]     Checking hashbrown v0.9.0
[INFO] [stderr]    Compiling native-tls v0.2.4
[INFO] [stderr]    Compiling httparse v1.3.4
[INFO] [stderr]    Compiling ryu v1.0.5
[INFO] [stderr]     Checking percent-encoding v2.1.0
[INFO] [stderr]    Compiling encoding_rs v0.8.24
[INFO] [stderr]    Compiling serde_json v1.0.57
[INFO] [stderr]     Checking mime v0.3.16
[INFO] [stderr]    Compiling serde_derive v1.0.116
[INFO] [stderr]     Checking adler v0.2.3
[INFO] [stderr]     Checking dtoa v0.4.6
[INFO] [stderr]     Checking gimli v0.22.0
[INFO] [stderr]    Compiling failure_derive v0.1.8
[INFO] [stderr]     Checking object v0.20.0
[INFO] [stderr]     Checking quick-error v1.2.3
[INFO] [stderr]     Checking rustc-demangle v0.1.16
[INFO] [stderr]     Checking ipnet v2.3.0
[INFO] [stderr]     Checking regex-syntax v0.6.18
[INFO] [stderr]     Checking tracing-core v0.1.16
[INFO] [stderr]     Checking thread_local v1.0.1
[INFO] [stderr]     Checking futures-channel v0.3.5
[INFO] [stderr]     Checking futures-task v0.3.5
[INFO] [stderr]     Checking http v0.2.1
[INFO] [stderr]     Checking unicode-bidi v0.3.4
[INFO] [stderr]     Checking unicode-normalization v0.1.13
[INFO] [stderr]    Compiling indexmap v1.6.0
[INFO] [stderr]    Compiling num-traits v0.2.12
[INFO] [stderr]    Compiling miniz_oxide v0.4.2
[INFO] [stderr]    Compiling num-integer v0.1.43
[INFO] [stderr]    Compiling unicase v2.6.0
[INFO] [stderr]     Checking humantime v1.3.0
[INFO] [stderr]     Checking aho-corasick v0.7.13
[INFO] [stderr]     Checking tracing v0.1.19
[INFO] [stderr]     Checking want v0.3.0
[INFO] [stderr]    Compiling openssl-sys v0.9.58
[INFO] [stderr]    Compiling quote v1.0.7
[INFO] [stderr]     Checking idna v0.2.0
[INFO] [stderr]    Compiling mime_guess v2.0.3
[INFO] [stderr]     Checking net2 v0.2.35
[INFO] [stderr]     Checking iovec v0.1.4
[INFO] [stderr]     Checking num_cpus v1.13.0
[INFO] [stderr]     Checking time v0.1.44
[INFO] [stderr]     Checking socket2 v0.3.15
[INFO] [stderr]     Checking atty v0.2.14
[INFO] [stderr]     Checking addr2line v0.13.0
[INFO] [stderr]     Checking mio v0.6.22
[INFO] [stderr]    Compiling openssl v0.10.30
[INFO] [stderr]     Checking url v2.1.1
[INFO] [stderr]     Checking http-body v0.3.1
[INFO] [stderr]     Checking regex v1.3.9
[INFO] [stderr]     Checking tokio v0.2.22
[INFO] [stderr]     Checking backtrace v0.3.50
[INFO] [stderr]     Checking env_logger v0.7.1
[INFO] [stderr]     Checking serde_urlencoded v0.6.1
[INFO] [stderr]     Checking chrono v0.4.15
[INFO] [stderr]     Checking tokio-util v0.3.1
[INFO] [stderr]     Checking tokio-tls v0.3.1
[INFO] [stderr]    Compiling synstructure v0.12.4
[INFO] [stderr]    Compiling futures-macro v0.3.5
[INFO] [stderr]     Checking failure v0.1.8
[INFO] [stderr]     Checking pin-project v0.4.23
[INFO] [stderr]     Checking futures-util v0.3.5
[INFO] [stderr]     Checking h2 v0.2.6
[INFO] [stderr]     Checking futures-executor v0.3.5
[INFO] [stderr]     Checking futures v0.3.5
[INFO] [stderr]     Checking hyper v0.13.7
[INFO] [stderr]     Checking hyper-tls v0.4.3
[INFO] [stderr]     Checking reqwest v0.10.8
[INFO] [stderr]     Checking crates_io_api v0.6.1
[INFO] [stderr]     Checking crates_io_licenses_over_time v0.1.0 (/opt/rustwide/workdir)
[INFO] [stdout] error[E0425]: cannot find function `iter_ok` in module `futures::stream`
[INFO] [stdout]   --> src/main.rs:26:52
[INFO] [stdout]    |
[INFO] [stdout] 26 |         let all_full_crates_fut = futures::stream::iter_ok(all_crates.into_iter().map(move |x| {
[INFO] [stdout]    |                                                    ^^^^^^^ not found in `futures::stream`
[INFO] [stdout] 
[INFO] [stdout] 
[INFO] [stdout] error[E0425]: cannot find function `iter_ok` in module `futures::stream`
[INFO] [stdout]   --> src/main.rs:26:52
[INFO] [stdout]    |
[INFO] [stdout] 26 |         let all_full_crates_fut = futures::stream::iter_ok(all_crates.into_iter().map(move |x| {
[INFO] [stdout]    |                                                    ^^^^^^^ not found in `futures::stream`
[INFO] [stdout] 
[INFO] [stdout] 
[INFO] [stdout] error[E0061]: this function takes 2 arguments but 0 arguments were supplied
[INFO] [stdout]   --> src/main.rs:13:14
[INFO] [stdout]    |
[INFO] [stdout] 13 |     let cl = SyncClient::new();
[INFO] [stdout]    |              ^^^^^^^^^^^^^^^-- supplied 0 arguments
[INFO] [stdout]    |              |
[INFO] [stdout]    |              expected 2 arguments
[INFO] [stdout] 
[INFO] [stdout] 
[INFO] [stdout] error[E0061]: this function takes 2 arguments but 0 arguments were supplied
[INFO] [stdout]   --> src/main.rs:14:17
[INFO] [stdout]    |
[INFO] [stdout] 14 |     let asycl = AsyncClient::new();
[INFO] [stdout]    |                 ^^^^^^^^^^^^^^^^-- supplied 0 arguments
[INFO] [stdout]    |                 |
[INFO] [stdout]    |                 expected 2 arguments
[INFO] [stdout] 
[INFO] [stdout] 
[INFO] [stdout] error[E0061]: this function takes 2 arguments but 0 arguments were supplied
[INFO] [stdout]   --> src/main.rs:13:14
[INFO] [stdout]    |
[INFO] [stdout] 13 |     let cl = SyncClient::new();
[INFO] [stdout]    |              ^^^^^^^^^^^^^^^-- supplied 0 arguments
[INFO] [stdout]    |              |
[INFO] [stdout]    |              expected 2 arguments
[INFO] [stdout] 
[INFO] [stdout] 
[INFO] [stdout] error[E0061]: this function takes 2 arguments but 0 arguments were supplied
[INFO] [stdout]   --> src/main.rs:14:17
[INFO] [stdout]    |
[INFO] [stdout] 14 |     let asycl = AsyncClient::new();
[INFO] [stdout]    |                 ^^^^^^^^^^^^^^^^-- supplied 0 arguments
[INFO] [stdout]    |                 |
[INFO] [stdout]    |                 expected 2 arguments
[INFO] [stdout] 
[INFO] [stdout] 
[INFO] [stdout] error[E0599]: no method named `all_crates` found for enum `std::result::Result<SyncClient, http::header::value::InvalidHeaderValue>` in the current scope
[INFO] [stdout]   --> src/main.rs:19:33
[INFO] [stdout]    |
[INFO] [stdout] 19 |             let all_crates = cl.all_crates(None).unwrap();
[INFO] [stdout]    |                                 ^^^^^^^^^^ method not found in `std::result::Result<SyncClient, http::header::value::InvalidHeaderValue>`
[INFO] [stdout] 
[INFO] [stdout] 
[INFO] [stdout] error[E0599]: no method named `all_crates` found for enum `std::result::Result<SyncClient, http::header::value::InvalidHeaderValue>` in the current scope
[INFO] [stdout]   --> src/main.rs:19:33
[INFO] [stdout]    |
[INFO] [stdout] 19 |             let all_crates = cl.all_crates(None).unwrap();
[INFO] [stdout]    |                                 ^^^^^^^^^^ method not found in `std::result::Result<SyncClient, http::header::value::InvalidHeaderValue>`
[INFO] [stdout] 
[INFO] [stdout] 
[INFO] [stdout] error[E0599]: no method named `full_crate` found for enum `std::result::Result<AsyncClient, http::header::value::InvalidHeaderValue>` in the current scope
[INFO] [stdout]   --> src/main.rs:27:19
[INFO] [stdout]    |
[INFO] [stdout] 27 |             asycl.full_crate(&x.name, true).then(move |v| { match v {
[INFO] [stdout]    |                   ^^^^^^^^^^ method not found in `std::result::Result<AsyncClient, http::header::value::InvalidHeaderValue>`
[INFO] [stdout] 
[INFO] [stdout] 
[INFO] [stdout] error[E0599]: no method named `full_crate` found for enum `std::result::Result<AsyncClient, http::header::value::InvalidHeaderValue>` in the current scope
[INFO] [stdout]   --> src/main.rs:27:19
[INFO] [stdout]    |
[INFO] [stdout] 27 |             asycl.full_crate(&x.name, true).then(move |v| { match v {
[INFO] [stdout]    |                   ^^^^^^^^^^ method not found in `std::result::Result<AsyncClient, http::header::value::InvalidHeaderValue>`
[INFO] [stdout] 
[INFO] [stdout] 
[INFO] [stdout] warning: unused import: `futures::prelude`
[INFO] [stdout]  --> src/main.rs:3:5
[INFO] [stdout]   |
[INFO] [stdout] 3 | use futures::prelude::*;
[INFO] [stdout]   |     ^^^^^^^^^^^^^^^^
[INFO] [stdout]   |
[INFO] [stdout]   = note: `#[warn(unused_imports)]` on by default
[INFO] [stdout] 
[INFO] [stdout] 
[INFO] [stdout] warning: unused import: `futures::prelude`
[INFO] [stdout]  --> src/main.rs:3:5
[INFO] [stdout]   |
[INFO] [stdout] 3 | use futures::prelude::*;
[INFO] [stdout]   |     ^^^^^^^^^^^^^^^^
[INFO] [stdout]   |
[INFO] [stdout]   = note: `#[warn(unused_imports)]` on by default
[INFO] [stdout] 
[INFO] [stdout] 
[INFO] [stdout] error: aborting due to 5 previous errors; 1 warning emitted
[INFO] [stdout] 
[INFO] [stdout] 
[INFO] [stdout] Some errors have detailed explanations: E0061, E0425, E0599.
[INFO] [stdout] 
[INFO] [stdout] For more information about an error, try `rustc --explain E0061`.
[INFO] [stdout] 
[INFO] [stdout] error: aborting due to 5 previous errors; 1 warning emitted
[INFO] [stdout] 
[INFO] [stdout] 
[INFO] [stdout] Some errors have detailed explanations: E0061, E0425, E0599.
[INFO] [stdout] 
[INFO] [stdout] For more information about an error, try `rustc --explain E0061`.
[INFO] [stdout] 
[INFO] [stderr] error: could not compile `crates_io_licenses_over_time`.
[INFO] [stderr] 
[INFO] [stderr] To learn more, run the command again with --verbose.
[INFO] [stderr] warning: build failed, waiting for other jobs to finish...
[INFO] [stderr] error: build failed
[INFO] running `Command { std: "docker" "inspect" "c8433ce88e0e5d269a1480482c2712c62f341254a93cf557ee37f7a7dd62655c", kill_on_drop: false }`
[INFO] running `Command { std: "docker" "rm" "-f" "c8433ce88e0e5d269a1480482c2712c62f341254a93cf557ee37f7a7dd62655c", kill_on_drop: false }`
[INFO] [stdout] c8433ce88e0e5d269a1480482c2712c62f341254a93cf557ee37f7a7dd62655c
